ple of 171?
True
Does 95 divide 947?
False
Does 11 divide 10263?
True
Is 525 a multiple of 15?
True
Is 528 a multiple of 48?
True
Is 20790 a multiple of 42?
True
Is 91 a factor of 17359?
False
Is 17 a factor of 170?
True
Does 4 divide 160?
True
Is 1386 a multiple of 154?
True
Is 180 a multiple of 10?
True
Is 29 a factor of 2001?
True
Is 1930 a multiple of 51?
False
Is 10 a factor of 10270?
True
Does 9 divide 2034?
True
Is 2633 a multiple of 13?
False
Is 407 a multiple of 37?
True
Is 1583 a multiple of 3?
False
Does 28 divide 84?
True
Does 59 divide 3540?
True
Is 49 a factor of 3773?
True
Is 5313 a multiple of 32?
False
Does 13 divide 793?
True
Is 38 a factor of 10842?
False
Does 13 divide 2041?
True
Does 77 divide 24563?
True
Is 32715 a multiple of 95?
False
Is 16 a factor of 9064?
False
Is 26 a factor of 1950?
True
Is 14347 a multiple of 137?
False
Does 17 divide 374?
True
Is 24023 a multiple of 30?
False
Does 11 divide 3201?
True
Is 21 a factor of 2212?
False
Is 14 a factor of 1281?
False
Does 67 divide 1541?
True
Does 21 divide 61414?
False
Does 12 divide 2076?
True
Does 191 divide 1997?
False
Does 14 divide 43794?
False
Is 73 a factor of 1272?
False
Does 68 divide 20842?
False
Does 11 divide 1635?
False
Is 1042 a multiple of 32?
False
Does 59 divide 2773?
True
Is 49593 a multiple of 45?
False
Is 629 a multiple of 17?
True
Is 54 a factor of 6024?
False
Is 31 a factor of 372?
True
Does 59 divide 1416?
True
Does 113 divide 17628?
True
Does 111 divide 328?
False
Is 579 a multiple of 64?
False
Does 6 divide 55?
False
Is 12929 a multiple of 36?
False
Is 8439 a multiple of 120?
False
Is 303 a multiple of 3?
True
Is 1904 a multiple of 14?
True
Is 16610 a multiple of 32?
False
Is 72324 a multiple of 196?
True
Does 88 divide 15617?
False
Is 1202 a multiple of 10?
False
Is 85 a factor of 340?
True
Is 298 a factor of 3163?
False
Does 56 divide 664?
False
Is 2081 a multiple of 28?
False
Is 13 a factor of 2340?
True
Is 19283 a multiple of 20?
False
Is 1560 a multiple of 12?
True
Is 4960 a multiple of 80?
True
Is 101 a factor of 492?
False
Is 63302 a multiple of 31?
True
Is 9153 a multiple of 19?
False
Is 10 a factor of 64310?
True
Is 28 a factor of 509?
False
Is 254 a multiple of 13?
False
Does 35 divide 660?
False
Does 6 divide 64?
False
Is 2312 a multiple of 154?
False
Is 1888 a multiple of 32?
True
Is 28 a factor of 8316?
True
Does 20 divide 263?
False
Is 7180 a multiple of 14?
False
Is 41 a factor of 36078?
False
Is 8004 a multiple of 138?
True
Does 6 divide 18?
True
Is 38 a multiple of 2?
True
Is 22 a factor of 11817?
False
Is 22 a factor of 25931?
False
Is 244 a multiple of 15?
False
Does 13 divide 1456?
True
Is 4 a factor of 12820?
True
Is 1224 a multiple of 37?
False
Is 2622 a multiple of 46?
True
Is 69 a factor of 1564?
False
Is 17 a factor of 644?
False
Is 140 a factor of 10780?
True
Is 51 a factor of 1617?
False
Is 24 a factor of 66945?
False
Is 20 a factor of 35?
False
Does 21 divide 1239?
True
Is 37222 a multiple of 8?
False
Is 211 a factor of 40319?
False
Does 12 divide 355?
False
Does 71 divide 9798?
True
Is 35 a factor of 3465?
True
Is 32 a factor of 44534?
False
Is 26 a factor of 1020?
False
Is 902 a multiple of 11?
True
Does 8 divide 6424?
True
Is 700 a multiple of 50?
True
Does 13 divide 19376?
False
Does 57 divide 10923?
False
Does 131 divide 19706?
False
Is 653 a multiple of 12?
False
Is 12 a factor of 129?
False
Is 13 a factor of 133515?
False
Does 11 divide 883?
False
Is 3932 a multiple of 54?
False
Is 26599 a multiple of 67?
True
Is 4 a factor of 1634?
False
Is 4938 a multiple of 3?
True
Is 7122 a multiple of 36?
False
Does 6 divide 2413?
False
Does 55 divide 2641?
False
Is 28 a factor of 355?
False
Is 156 a factor of 4368?
True
Is 22 a factor of 467?
False
Is 30 a factor of 7612?
False
Is 15 a factor of 3930?
True
Does 16 divide 208?
True
Does 4 divide 607?
False
Is 3528 a multiple of 18?
True
Does 15 divide 44862?
False
Is 15 a factor of 89730?
True
Does 62 divide 496?
True
Is 423 a factor of 54234?
False
Is 372 a factor of 68820?
True
Is 26 a factor of 2314?
True
Is 4214 a multiple of 14?
True
Is 17 a factor of 1190?
True
Is 79 a factor of 1422?
True
Does 5 divide 1941?
False
Is 26 a factor of 54054?
True
Is 30623 a multiple of 113?
True
Is 20 a factor of 9941?
False
Does 17 divide 7987?
False
Is 6292 a multiple of 22?
True
Is 11 a factor of 3592?
False
Is 13 a factor of 193?
False
Is 397 a multiple of 5?
False
Is 468 a multiple of 39?
True
Does 10 divide 3920?
True
Is 4225 a multiple of 81?
False
Does 84 divide 2352?
True
Is 452 even?
True
Does 13 divide 719?
False
Does 7 divide 2509?
False
Is 4020 a multiple of 60?
True
Is 19 a factor of 4389?
True
Does 30 divide 330?
True
Does 24 divide 4128?
True
Is 32 a factor of 49248?
True
Is 59 a factor of 5017?
False
Is 18 a factor of 5785?
False
Is 4899 a multiple of 23?
True
Is 11 a factor of 143462?
True
Is 4 a factor of 13480?
True
Is 24 a factor of 49482?
False
Is 28 a factor of 1314?
False
Does 4 divide 558?
False
Is 4725 a multiple of 27?
True
Is 2968 a multiple of 8?
True
Does 8 divide 221?
False
Does 19 divide 11989?
True
Is 58128 a multiple of 16?
True
Does 40 divide 3963?
False
Does 14 divide 799?
False
Is 10 a factor of 174?
False
Is 46 even?
True
Is 8 a factor of 1033?
False
Is 10050 a multiple of 15?
True
Is 3045 a multiple of 7?
True
Does 35 divide 1820?
True
Is 1028 a multiple of 5?
False
Is 14468 a multiple of 49?
False
Is 4 a factor of 736?
True
Does 7 divide 3527?
False
Does 73 divide 11141?
False
Is 8321 a multiple of 11?
False
Is 2265 a multiple of 15?
True
Is 13288 a multiple of 17?
False
Is 74 a factor of 2664?
True
Does 471 divide 45687?
True
Does 45 divide 26629?
False
Does 18 divide 7597?
False
Is 25 a factor of 3425?
True
Is 25 a factor of 21760?
False
Does 145 divide 5449?
False
Is 15933 a multiple of 24?
False
Is 3398 a multiple of 32?
False
Is 19 a factor of 342?
True
Does 5 divide 308?
False
Is 27 a factor of 189?
True
Is 84 a factor of 1494?
False
Is 440 a multiple of 55?
True
Is 351 a multiple of 5?
False
Is 967 a multiple of 8?
False
Is 3 a factor of 180?
True
Is 103621 a multiple of 12?
False
Is 16932 a multiple of 32?
False
Is 22780 a multiple of 10?
True
Is 7 a factor of 154?
True
Is 2618 a multiple of 34?
True
Is 38539 a multiple of 17?
True
Does 22 divide 19822?
True
Is 65 a factor of 1229?
False
Is 67 a factor of 335?
True
Is 28 a factor of 1988?
True
Does 75 divide 31200?
True
Is 666 a multiple of 8?
False
Does 48 divide 14544?
True
Is 370 a multiple of 37?
True
Is 167 a factor of 8464?
False
Is 22264 a multiple of 184?
True
Is 106819 a multiple of 16?
False
Does 139 divide 1021?
False
Is 17989 a multiple of 21?
False
Is 5 a factor of 11582?
False
Is 1612 a multiple of 39?
False
Does 22 divide 689?
False
Does 23 divide 4922?
True
Is 2442 a multiple of 6?
True
Is 8 a factor of 464?
True
Is 1186 a multiple of 22?
False
Is 21098 a multiple of 11?
True
Is 690 a multiple of 50?
False
Is 71 a factor of 2133?
False
Is 14 a factor of 3234?
True
Is 341 a multiple of 31?
True
Is 10 a factor of 7884?
False
Is 109 a factor of 2180?
True
Is 58761 a multiple of 83?
False
Is 2078 a multiple of 2?
True
Is 125 a factor of 17250?
True
Is 760 a multiple of 12?
False
Does 12 divide 1237?
False
Is 20070 a multiple of 90?
True
Does 31 divide 50?
False
Is 3934 a multiple of 17?
False
Does 32 divide 44497?
False
Is 104 a factor of 208?
True
Is 93 a factor of 35968?
False
Is 24 a factor of 9648?
True
Is 31512 a multiple of 13?
True
Is 115907 a multiple of 11?
True
Does 6 divide 312?
True
Does 5 divide 22925?
True
Does 128 divide 6784?
True
Is 25 a factor of 2184?
False
Does 172 divide 69903?
False
Does 2 divide 2221?
False
Is 10 a factor of 2325?
False
Is 4 a factor of 902?
False
Is 7710 a multiple of 257?
True
Is 13 a factor of 19773?
True
Is 32751 a multiple of 27?
True
Is 70 a factor of 2730?
True
Is 36 a factor of 2722?
False
Is 1416 a multiple of 177?
True
Is 445 a multiple of 20?
False
Is 607 a multiple of 4?
False
Is 2200 a multiple of 21?
False
Does 9 divide 648?
True
Does 13 divide 572?
True
Does 42 divide 95214?
True
Is 2899 a multiple of 13?
True
Is 568 a multiple of 71?
True
Does 11 divide 1474?
True
Is 1792 a multiple of 16?
True
Does 5 divide 2823?
F